factors of i?
73
Suppose 2*k - 3 = 17. Suppose -3*q - 72 + 257 = -4*o, 5*o = -k. List the prime factors of q.
59
Let q(w) = -2*w**3 - 12*w - 50. List the prime factors of q(-7).
2, 3, 5
Let b(r) = -6*r - 5. Let u be b(-2). Suppose 2*q = 3*q - u. Suppose -z + q = 4. What are the prime factors of z?
3
Suppose -9*q + 49 = 31. Let v(f) = f**3 - 2*f**2 - 5*f + 3. Let h be v(4). List the prime factors of (2/q)/(h/435).
29
Suppose 50996 + 47942 = 74*f. List the prime factors of f.
7, 191
What are the prime factors of ((-360)/25)/((81/300)/(-9))?
2, 3, 5
What are the prime factors of 6/(-165)*5 - (-3898)/22?
3, 59
Suppose -2*p - 2*k = -14, -4 = -2*p - 4*k + 16. What are the prime factors of 2/(-8) + 141/p?
5, 7
Let a be (2/(-8)*-3)/(2/(-24)). What are the prime factors of 2*(a/(-12) + -1)*-68?
2, 17
Suppose -x + 38 = -5*x + 5*m, 3*x + m + 19 = 0. Let u = x - -9. Suppose 0 = 3*h - 5*i - 73 + 9, -22 = -h + u*i. What are the prime factors of h?
2, 3
Let a be 3*(2 + (-20)/(-3)). Suppose a = q + q. What are the prime factors of q?
13
What are the prime factors of 114/8*(-132)/(-18)*14?
7, 11, 19
Suppose 3*n - 1 = 3*j - 13, 4*j - 16 = -2*n. Let u be j/20 - (-38)/10. Suppose 3*v + 27 = u*v. List the prime factors of v.
3
Let a = 1584 + -1012. List the prime factors of a.
2, 11, 13
Let d(r) be the third derivative of 5*r**4/12 - 17*r**3/6 - 7*r**2. List the prime factors of d(6).
43
Suppose 1992 = -205*s + 209*s. What are the prime factors of s?
2, 3, 83
Suppose c + 78 = -3*s - 2*c, -4*s = -c + 99. Let x = s + 86. List the prime factors of x.
61
Suppose -5*n + 0*n = -5. Let w be (n + 33/3)/2. Suppose 90 = 9*b - w*b. What are the prime factors of b?
2, 3, 5
Let y(f) = -5*f**3 + 16*f**2 - 20*f - 14. Let o(g) = -g - g**2 + 2*g**3 + 3*g**3 + 2*g - 4*g**3. Let i(h) = 6*o(h) + y(h). List the prime factors of i(-11).
19
Suppose -1497 + 6725 = 2*f. List the prime factors of f.
2, 1307
Suppose -2*k = 5*o + 42, 2*k - 4*o + 3*o + 30 = 0. List the prime factors of k/(-12)*(14 - (-1 + 0)).
2, 5
Let w(y) = 4*y - 24. Suppose 5*x = -3*k - 27, 4 = 4*x - 8. Let o(l) = -l**2 - 15*l - 1. Let b be o(k). List the prime factors of w(b).
2, 7
Let s(i) = -i**3 - 11*i**2 + 12*i + 2. Let g = -19 - -7. Let u be s(g). Let y = 17 + u. What are the prime factors of y?
19
Let i = -16 + 16. Suppose 0 = a - 3*f - 1, i*a + 2*f - 36 = -3*a. List the prime factors of a.
2, 5
Let p(q) = -33*q + 150. List the prime factors of p(-3).
3, 83
Suppose 3*i = 7*i. Suppose j + 0*j - 31 = i. Let z = 16 + j. What are the prime factors of z?
47
Let x(u) = -u**2 - 7*u - 2. Let y be x(-7). What are the prime factors of y/(-3) - 470/(-6)?
79
Let u = 96 - 94. Suppose 3*r - 2*r - 454 = -u*i, r + 902 = 4*i. List the prime factors of i.
2, 113
Suppose 17 = -n - 4*g, 0*n - 5*g + 73 = -2*n. Let t = n - -118. What are the prime factors of t?
89
Let v(u) = u**2 + 6*u + 7. Let w be v(-5). Suppose 2*y = -k - 2*y + 215, -w*k + 420 = 3*y. What are the prime factors of ((-3)/(-9))/(3/k)?
23
What are the prime factors of (14/(-4))/((-3)/378)?
3, 7
Let u(w) = -18*w - 15. Let l be u(-7). Let i = 163 - l. Suppose -s - 151 = -4*o, 0 = -5*o + 5*s - i + 222. List the prime factors of o.
3, 13
Let b(c) = 4*c**3 + 9*c**2 + 2*c + 2. Let m(w) = 3*w**3 + 8*w**2 + 2*w + 3. Let p(g) = 2*b(g) - 3*m(g). What are the prime factors of p(-6)?
7
Let j(c) be the second derivative of 2*c**5 - c**4/12 - c**3/3 + c**2 + 2*c - 10. List the prime factors of j(2).
2, 157
Let z be (3/6)/((-4)/16). Let s = 7 + z. Suppose s = -q + 8. List the prime factors of q.
3
Suppose 0 = -0*w - w. Suppose w = 2*g - g - 5. List the prime factors of (-63 - -1)/(g + -7).
31
Let i(c) = c**3 - c**2 + c + 1. Let n(m) = -6*m**3 + 12*m**2 - 5*m + 5. Let q(r) = 5*i(r) + n(r). List the prime factors of q(7).
2, 5
Let h = -21 + 25. Suppose h*r - 24 = -2*r. What are the prime factors of r?
2
List the prime factors of (-13)/((-39)/1476) - -7.
499
Suppose -6 = 2*u + 38. What are the prime factors of u/(-99) - 781/(-9)?
3, 29
Suppose 6*y - 2*y - 20 = 0. Suppose -10*k = -y*k - 370. List the prime factors of k.
2, 37
Suppose 2*l + 2*k - 555 - 505 = 0, 5*l = -4*k + 2654. What are the prime factors of l?
2, 3, 89
Let i(b) be the second derivative of -b**2/2 + 2*b. Let f(z) = 2*z + 10. Let q(a) = -f(a) - 6*i(a). What are the prime factors of q(-7)?
2, 5
Let b = 6523 + -4323. What are the prime factors of b?
2, 5, 11
Suppose w - 3 = -3*o, 2*o - 5*w + 0*w + 15 = 0. Suppose o = 5*h - 2*h + 2*t - 381, h - t = 122. What are the prime factors of h?
5
Let m = 900 - 873. Let d = 25 - 41. Let i = d + m. What are the prime factors of i?
11
Let s be (12/(-15) + 2)*35. Let b be 36/16 - (-12)/16. Suppose -s = -b*h + h. What are the prime factors of h?
3, 7
Suppose -1446*i = -1443*i - 2865. List the prime factors of i.
5, 191
Let m = 18 + -8. Let r(v) = v**3 - 11*v**2 + 10*v - 4. Let h be r(m). List the prime factors of 276/h*(-3)/9.
23
Let t = -146 + 146. Let s = -1 - -3. Suppose t*j - 2*h - 26 = -2*j, 22 = s*j - 3*h. List the prime factors of j.
17
What are the prime factors of (-19 + -40)*(0 + -1)?
59
Suppose 17 - 5 = -3*b. Let x be 0 - 0*b/16. Suppose x = i - 2, -t + 15 = 4*i - 0*i. What are the prime factors of t?
7
Suppose -4*a - 2 = -k - k, -3*k = 4*a - 13. Suppose k*r = -0*r + 57. Suppose -2*s + s = -r. List the prime factors of s.
19
Let r(g) = 609*g - 181. What are the prime factors of r(4)?
5, 11, 41
Suppose a = 2*q + 13, a - 8 - 1 = q. Let l = a + 29. What are the prime factors of l?
2, 17
Suppose 0 = -5*p + 4 + 11. Suppose -79 = -2*i - c, 0 = -2*i - p*c - 0*c + 85. List the prime factors of i.
2, 19
Let j(u) be the first derivative of 9*u**4/2 + 2*u**3/3 + u**2/2 - u + 4. What are the prime factors of j(2)?
3, 17
Let f = 317 + -277. Let c = 2 - -16. What are the prime factors of (c/15)/(6/f)?
2
Let w = -59 - -263. What are the prime factors of w?
2, 3, 17
Let a(p) = 5*p**2 - 37*p - 151. Let v(o) = -3*o**2 + 25*o + 101. Let r(x) = 5*a(x) + 8*v(x). List the prime factors of r(-22).
3, 23
Suppose 3*c - 1172 = -5*g, 3*c + 9*g = 13*g + 1136. List the prime factors of c.
2, 3
Let o(d) be the third derivative of -d**4/24 + d**3/3 + 5*d**2. Let w be o(8). List the prime factors of (-33)/w + (-1)/(-2).
2, 3
Let i be 12/16 - 5/(-20). List the prime factors of -11 - -11 - i*-18.
2, 3
Let j be ((-12)/9)/(4/(-6)). Suppose j*y + 5*k - 36 = 9, -2*y = -3*k - 21. Let i(n) = n**2 - 13*n - 9. List the prime factors of i(y).
3, 7
Suppose 14 = -5*u + 3*t, -u + 5*t + 2 = -4. What are the prime factors of 3 + -1 + (-244)/u?
3, 7
Let h = 319 + 429. What are the prime factors of h?
2, 11, 17
Suppose 20*s - 2546 - 694 = 0. List the prime factors of s.
2, 3
Suppose 0 = 3*z - 15, -15*d + 11*d + z = -3579. What are the prime factors of d?
2, 7
Suppose -181*r = -188*r + 12901. List the prime factors of r.
19, 97
Suppose 0 = 6*b - 17 - 37. Suppose 8*i - b*i + 58 = 0. List the prime factors of i.
2, 29
What are the prime factors of ((-60459)/12)/(-7) - 9/12?
719
Suppose -3*f = -0*f + 4*l - 12, 5*f - 20 = -5*l. Suppose 0 = -f*x + 14*x - 2430. What are the prime factors of x?
3
Suppose 0 = v + a - 1504, -5*v + v + 6018 = 2*a. What are the prime factors of v?
5, 7, 43
Let m(k) = -82*k**3 - 2*k**2 - k + 1. Let d be m(-1). Let h = d - 78. List the prime factors of h.
2
Let t(m) = -3*m**3 + 8 + 9*m - 8*m**2 + 3*m + 4*m**3 - 6*m**2. Let p be t(13). What are the prime factors of (-63)/p - (-14)/35?
13
List the prime factors of (-2495)/(-7) - 5/(70/6).
2, 89
Let c(q) = 21*q**2 + 14*q - 37. What are the prime factors of c(4)?
5, 71
Suppose 2 + 7 = 3*p. Let z(i) = 2*i**2 + 6*i - 1. What are the prime factors of z(p)?
5, 7
Let u(n) = -n**3 - 21*n**2 + 1. Let w be u(-21). List the prime factors of ((-24)/(-16))/(1*w/72).
2, 3
Let d(q) be the first derivative of -q**4/12 - 2*q**3/3 + 5*q**2/2 + 5. Let r(w) be the second derivative of d(w). List the prime factors of r(-7).
2, 5
Suppose -343 = 7*u - 3010. What are the prime factors of u?
3, 127
Let c(o) = 347*o + 14. List the prime factors of c(2).
2, 3, 59
Let y(b) = 5*b**2 - 31*b - 37. List the prime factors of y(-10).
773
Let x(u) be the first derivative of -33*u**2/2 - 46*u - 5. What are the prime factors of x(-5)?
7, 17
Suppose 3*l + 0*l = 0. Suppose -2*b + 20 = -0*b + 5*h